{"id":108,"date":"2026-03-12T16:29:08","date_gmt":"2026-03-12T16:29:08","guid":{"rendered":"http:\/\/arcapatrimoni.net\/?page_id=108"},"modified":"2026-03-12T21:39:36","modified_gmt":"2026-03-12T21:39:36","slug":"que-es-arca","status":"publish","type":"page","link":"https:\/\/arcapatrimoni.net\/","title":{"rendered":"Que \u00e9s ARCA"},"content":{"rendered":"\r\n<p><span style=\"font-weight: 400;\">ARCA \u00e9s una entitat sense \u00e0nim de lucre creada a l\u2019any 1987 que es dedica a la defensa, conservaci\u00f3 i difusi\u00f3 del Patrimoni Cultural de Mallorca.<\/span><\/p>\r\n\r\n\r\n\r\n<p><span style=\"font-weight: 400;\">L\u2019entitat est\u00e0 formada per un grup organitzat de ciutadanes i ciutadans de Mallorca que estimen el Patrimoni Cultural, un dels llegats m\u00e9s importants dels nostres avantpassats.\u00a0<\/span><\/p>\r\n\r\n\r\n\r\n<p><span style=\"font-weight: 400;\">La nostra entitat ha protagonitzat des dels seus inicis innumerables campanyes de defensa i sensibilitzaci\u00f3 del Patrimoni cultural a Ciutat i a la resta de pobles de Mallorca.<\/span><\/p>\r\n\r\n\r\n\r\n<p><span style=\"font-weight: 400;\">ARCA no est\u00e0 vinculada a cap partit pol\u00edtic, sempre hem defensat i reivindicat la conservaci\u00f3 del Patrimoni Cultural amb total independ\u00e8ncia, la qual ens dona for\u00e7a i credibilitat davant la societat.<\/span><\/p>\r\n\r\n\r\n\r\n<p><span style=\"font-weight: 400;\">ARCA fou guardonada a l\u2019any 2008 amb la Medalla d\u2019Or de la Comunitat Aut\u00f2noma de les Illes Balears.\u00a0<\/span><\/p>\r\n\r\n\r\n\r\n<h3 class=\"wp-block-heading\">Segueix la nosta feina a:<\/h3>\r\n\r\n\r\n\r\n<ul class=\"wp-block-list\">\r\n<li><a href=\"https:\/\/www.facebook.com\/arca.patrimoni.3\/\" target=\"_blank\" rel=\"noopener\">Facebook d\u2019Arca<\/a><\/li>\r\n\r\n\r\n\r\n\r\n\r\n<li><a href=\"http:\/\/arcapatrimoni.blogspot.com\/\" target=\"_blank\" rel=\"noopener\">http:\/\/arcapatrimoni.blogspot.com\/<\/a><\/li>\r\n\r\n\r\n\r\n<li><a href=\"https:\/\/www.instagram.com\/arcapatrimoni\/\" target=\"_blank\" rel=\"noopener\">https:\/\/www.instagram.com\/arcapatrimoni\/<\/a><\/li>\r\n<\/ul>\r\n\r\n\r\n\r\n<p>&nbsp;<\/p>\r\n","protected":false},"excerpt":{"rendered":"<p>ARCA \u00e9s una entitat sense \u00e0nim de lucre creada a l\u2019any 1987 que es dedica a la defensa, conservaci\u00f3 i difusi\u00f3 del Patrimoni Cultural de Mallorca. L\u2019entitat est\u00e0 formada per un grup organitzat de ciutadanes i ciutadans de Mallorca que &hellip; <a href=\"https:\/\/arcapatrimoni.net\/\">Continua llegint <span class=\"meta-nav\">&rarr;<\/span><\/a><\/p>\n","protected":false},"author":2,"featured_media":169,"parent":0,"menu_order":0,"comment_status":"closed","ping_status":"closed","template":"","meta":{"footnotes":""},"class_list":["post-108","page","type-page","status-publish","has-post-thumbnail","hentry"],"_links":{"self":[{"href":"https:\/\/arcapatrimoni.net\/index.php?rest_route=\/wp\/v2\/pages\/108","targetHints":{"allow":["GET"]}}],"collection":[{"href":"https:\/\/arcapatrimoni.net\/index.php?rest_route=\/wp\/v2\/pages"}],"about":[{"href":"https:\/\/arcapatrimoni.net\/index.php?rest_route=\/wp\/v2\/types\/page"}],"author":[{"embeddable":true,"href":"https:\/\/arcapatrimoni.net\/index.php?rest_route=\/wp\/v2\/users\/2"}],"replies":[{"embeddable":true,"href":"https:\/\/arcapatrimoni.net\/index.php?rest_route=%2Fwp%2Fv2%2Fcomments&post=108"}],"version-history":[{"count":7,"href":"https:\/\/arcapatrimoni.net\/index.php?rest_route=\/wp\/v2\/pages\/108\/revisions"}],"predecessor-version":[{"id":177,"href":"https:\/\/arcapatrimoni.net\/index.php?rest_route=\/wp\/v2\/pages\/108\/revisions\/177"}],"wp:featuredmedia":[{"embeddable":true,"href":"https:\/\/arcapatrimoni.net\/index.php?rest_route=\/wp\/v2\/media\/169"}],"wp:attachment":[{"href":"https:\/\/arcapatrimoni.net\/index.php?rest_route=%2Fwp%2Fv2%2Fmedia&parent=108"}],"curies":[{"name":"wp","href":"https:\/\/api.w.org\/{rel}","templated":true}]}}

Que és ARCA

<p><span style="font-weight: 400;">ARCA és una entitat sense ànim de lucre creada a l’any 1987 que es dedica a la defensa, conservació i difusió del Patrimoni Cultural de Mallorca.</span></p>



<p><span style="font-weight: 400;">L’entitat està formada per un grup organitzat de ciutadanes i ciutadans de Mallorca que estimen el Patrimoni Cultural, un dels llegats més importants dels nostres avantpassats. </span></p>



<p><span style="font-weight: 400;">La nostra entitat ha protagonitzat des dels seus inicis innumerables campanyes de defensa i sensibilització del Patrimoni cultural a Ciutat i a la resta de pobles de Mallorca.</span></p>



<p><span style="font-weight: 400;">ARCA no està vinculada a cap partit polític, sempre hem defensat i reivindicat la conservació del Patrimoni Cultural amb total independència, la qual ens dona força i credibilitat davant la societat.</span></p>



<p><span style="font-weight: 400;">ARCA fou guardonada a l’any 2008 amb la Medalla d’Or de la Comunitat Autònoma de les Illes Balears. </span></p>



<h3 class="wp-block-heading">Segueix la nosta feina a:</h3>



<ul class="wp-block-list">
<li><a href="https://www.facebook.com/arca.patrimoni.3/" target="_blank" rel="noopener">Facebook d’Arca</a></li>





<li><a href="http://arcapatrimoni.blogspot.com/" target="_blank" rel="noopener">http://arcapatrimoni.blogspot.com/</a></li>



<li><a href="https://www.instagram.com/arcapatrimoni/" target="_blank" rel="noopener">https://www.instagram.com/arcapatrimoni/</a></li>
</ul>



<p>&nbsp;</p>

<p>ARCA és una entitat sense ànim de lucre creada a l’any 1987 que es dedica a la defensa, conservació i difusió del Patrimoni Cultural de Mallorca. L’entitat està formada per un grup organitzat de ciutadanes i ciutadans de Mallorca que &hellip; <a href="https://arcapatrimoni.net/">Continua llegint <span class="meta-nav">&rarr;</span></a></p>
